hat is the greatest common factor of 13 and 13?
13
What is the greatest common divisor of 427 and 244?
61
Calculate the greatest common divisor of 3199 and 7.
7
Calculate the highest common divisor of 14 and 5033.
7
Calculate the highest common divisor of 22 and 154.
22
Calculate the highest common divisor of 78 and 12.
6
What is the highest common divisor of 1675 and 75?
25
Calculate the highest common divisor of 68 and 14.
2
What is the highest common factor of 151 and 3?
1
Calculate the highest common divisor of 42 and 273.
21
What is the highest common factor of 1314 and 2?
2
What is the highest common factor of 576 and 5504?
64
What is the greatest common factor of 66 and 726?
66
What is the greatest common factor of 22442 and 98?
98
Calculate the highest common factor of 10147 and 139.
139
What is the highest common factor of 34 and 2159?
17
Calculate the greatest common divisor of 999 and 37.
37
What is the greatest common divisor of 2318 and 4?
2
What is the greatest common divisor of 22 and 374?
22
What is the highest common factor of 72 and 45?
9
Calculate the highest common factor of 960 and 1320.
120
What is the highest common divisor of 3 and 3?
3
Calculate the greatest common factor of 137 and 9727.
137
Calculate the highest common divisor of 44217 and 153.
153
What is the greatest common factor of 7663 and 291?
97
What is the greatest common factor of 52 and 143?
13
What is the greatest common divisor of 203 and 70?
7
Calculate the highest common factor of 10 and 1670.
10
Calculate the greatest common factor of 74 and 1406.
74
What is the greatest common factor of 93 and 775?
31
Calculate the greatest common divisor of 4 and 332.
4
Calculate the highest common divisor of 14 and 938.
14
What is the greatest common divisor of 1068 and 8?
4
Calculate the highest common divisor of 147 and 616.
7
What is the greatest common divisor of 3875 and 217?
31
Calculate the greatest common divisor of 14 and 441.
7
What is the highest common divisor of 114 and 156?
6
Calculate the greatest common divisor of 90 and 330.
30
Calculate the greatest common divisor of 1043 and 7.
7
Calculate the greatest common divisor of 20 and 250.
10
Calculate the greatest common divisor of 4 and 3.
1
Calculate the greatest common factor of 80 and 55.
5
Calculate the greatest common factor of 295 and 59.
59
What is the greatest common factor of 39 and 12?
3
What is the highest common factor of 399 and 608?
19
Calculate the greatest common divisor of 576 and 2448.
144
What is the greatest common divisor of 777 and 21?
21
Calculate the greatest common divisor of 22 and 4499.
11
Calculate the highest common factor of 1024 and 8.
8
What is the highest common factor of 20 and 130?
10
What is the highest common factor of 120 and 390?
30
Calculate the greatest common factor of 89 and 3293.
89
What is the highest common factor of 3324 and 312?
12
What is the greatest common factor of 260 and 80?
20
Calculate the highest common divisor of 8622 and 36.
18
What is the highest common divisor of 512 and 1408?
128
Calculate the greatest common factor of 8872 and 8.
8
What is the highest common divisor of 580 and 80?
20
What is the greatest common factor of 1647 and 122?
61
Calculate the greatest common factor of 95 and 30.
5
Calculate the highest common divisor of 144 and 504.
72
Calculate the highest common factor of 80 and 1040.
80
Calculate the highest common factor of 82 and 2.
2
Calculate the highest common factor of 9 and 558.
9
What is the highest common factor of 81 and 105?
3
Calculate the highest common divisor of 150 and 930.
30
Calculate the greatest common divisor of 11 and 1991.
11
Calculate the highest common divisor of 116 and 319.
29
Calculate the highest common factor of 12 and 1.
1
What is the highest common factor of 49 and 1?
1
What is the highest common divisor of 24 and 42?
6
Calculate the greatest common factor of 2421 and 9.
9
Calculate the highest common factor of 38 and 38.
38
Calculate the greatest common divisor of 30301 and 471.
157
Calculate the highest common factor of 4 and 196.
4
What is the greatest common factor of 100 and 2180?
20
Calculate the greatest common divisor of 10665 and 54.
27
Calculate the greatest common divisor of 91 and 63.
7
Calculate the highest common divisor of 60 and 255.
15
What is the greatest common divisor of 2 and 551?
1
What is the greatest common factor of 65 and 1495?
65
Calculate the highest common factor of 162 and 78.
6
Calculate the highest common divisor of 16 and 32848.
16
What is the greatest common factor of 50 and 450?
50
What is the greatest common divisor of 174 and 406?
58
What is the highest common factor of 1869 and 84?
21
What is the highest common factor of 172 and 258?
86
Calculate the highest common factor of 152 and 56.
8
What is the greatest common divisor of 30 and 11745?
15
What is the greatest common divisor of 55 and 121?
11
What is the highest common factor of 20 and 8?
4
What is the highest common divisor of 4617 and 1311?
57
Calculate the greatest common divisor of 14 and 497.
7
Calculate the greatest common divisor of 75 and 2715.
15
Calculate the highest common factor of 156 and 260.
52
What is the highest common divisor of 3170 and 30?
10
What is the greatest common divisor of 496 and 155?
31
What is the highest common divisor of 12275 and 982?
491
What is the highest common factor of 82 and 1886?
82
What is the greatest common factor of 40 and 1760?
40
Calculate the highest common divisor of 450 and 72.
18
Calculate the highest common divisor of 629 and 37.
37
Calculate the greatest common divisor of 94 and 94.
94
Calculate the highest common factor of 584 and 11534.
146
What is the greatest common factor of 1304 and 16?
8
Calculate the greatest common divisor of 18 and 864.
18
What is the greatest common divisor of 30 and 96?
6
What is the greatest common factor of 330 and 30?
30
Calculate the highest common divisor of 204 and 84.
12
Calculate the greatest common divisor of 692 and 519.
173
What is the greatest common divisor of 12808 and 8?
8
What is the highest common factor of 19 and 437?
19
What is the greatest common divisor of 280 and 240?
40
Calculate the greatest common divisor of 81 and 405.
81
What is the highest common factor of 3024 and 768?
48
Calculate the greatest common factor of 68 and 4556.
68
What is the highest common factor of 84 and 672?
84
What is the highest common divisor of 9 and 729?
9
Calculate the highest common divisor of 2740 and 40.
20
Calculate the greatest common divisor of 170 and 5950.
170
Calculate the highest common divisor of 752 and 15228.
188
Calculate the highest common divisor of 2 and 1621.
1
What is the highest common divisor of 1102 and 114?
38
What is the greatest common factor of 63 and 217?
7
Calculate the highest common divisor of 6 and 786.
6
What is the highest common factor of 506 and 418?
22
Calculate the greatest common divisor of 646 and 340.
34
What is the highest common divisor of 63 and 45?
9
What is the highest common factor of 1343 and 272?
17
What is the highest common divisor of 363 and 99?
33
What is the greatest common factor of 3045 and 348?
87
Calculate the greatest common divisor of 162 and 3186.
54
What is the highest common divisor of 472 and 8?
8
Calculate the greatest common factor of 19 and 6232.
19
Calculate the greatest common divisor of 91 and 13.
13
Calculate the greatest common factor of 210 and 56.
14
What is the highest common divisor of 128 and 272?
16
Calculate the highest common factor of 90 and 160.
10
Calculate the greatest common divisor of 5090 and 10.
10
What is the greatest common divisor of 377 and 208?
13
Calculate the greatest common factor of 111 and 6.
3
Calculate the highest common factor of 393 and 917.
131
What is the greatest common divisor of 896 and 7?
7
Calculate the greatest common divisor of 16060 and 220.
220
Calculate the highest common factor of 1070 and 642.
214
What is the highest common factor of 19 and 1938?
19
What is the highest common factor of 192 and 72?
24
Calculate the greatest common factor of 3 and 267.
3
What is the highest common divisor of 3198 and 246?
246
What is the highest common factor of 949 and 299?
13
What is the greatest common factor of 572 and 67